{"id":392,"date":"2023-04-18T16:00:50","date_gmt":"2023-04-18T16:00:50","guid":{"rendered":"https:\/\/vip.plwdesign.online\/?post_type=product&#038;p=392"},"modified":"2024-04-19T21:36:36","modified_gmt":"2024-04-19T21:36:36","slug":"pacote-com-scripts-para-sites-prontos-php-2023","status":"publish","type":"product","link":"https:\/\/vip.plwdesign.online\/?product=pacote-com-scripts-para-sites-prontos-php-2023","title":{"rendered":"Pacote com Scripts para Sites Prontos PHP 2023"},"content":{"rendered":"<p>Se voc\u00ea est\u00e1 procurando uma solu\u00e7\u00e3o pr\u00e1tica e eficiente para criar um site, temos a op\u00e7\u00e3o ideal para voc\u00ea! Nosso site oferece 8 modelos de scripts para sites prontos, que s\u00e3o f\u00e1ceis de instalar e totalmente responsivos, ou seja, adapt\u00e1veis a diferentes tamanhos de tela.<\/p>\n<p>Com esses modelos de scripts, voc\u00ea poder\u00e1 criar sites para diferentes segmentos, como IPTV, imobili\u00e1ria, provedor e institucional. E o melhor de tudo \u00e9 que voc\u00ea n\u00e3o precisa ter conhecimentos avan\u00e7ados em programa\u00e7\u00e3o para utiliz\u00e1-los.<\/p>\n<p>Com esses modelos de scripts para sites prontos, voc\u00ea economiza tempo e dinheiro na cria\u00e7\u00e3o de um site do zero, al\u00e9m de poder contar com um design profissional e de qualidade. N\u00e3o perca mais tempo e confira agora mesmo nossas op\u00e7\u00f5es de scripts para sites prontos!<\/p>\n<p>&nbsp;<\/p>\n<h4>Confira os Modelos abaixo:<\/h4>\n<p><strong>Modelo 1: Site de IPTV<\/strong><\/p>\n<p><a href=\"https:\/\/plwdesign.online\/scriptparasites\/\" target=\"_blank\" rel=\"noopener\">https:\/\/plwdesign.online\/scriptparasites\/<\/a><\/p>\n<p><strong>Modelo 2: Site de Imobili\u00e1ria<\/strong><\/p>\n<p><a href=\"https:\/\/plwdesign.online\/scriptparasites2\/\" target=\"_blank\" rel=\"noopener\">https:\/\/plwdesign.online\/scriptparasites2\/<\/a><\/p>\n<p><strong>Modelo 3: Site de Provedor de Internet<\/strong><\/p>\n<p><a href=\"https:\/\/plwdesign.online\/scriptparasite3\/\" target=\"_blank\" rel=\"noopener\">https:\/\/plwdesign.online\/scriptparasite3\/<\/a><\/p>\n<p><strong>Modelo 4: Site de IPTV<\/strong><\/p>\n<p><a href=\"https:\/\/plwdesign.online\/scriptparasites4\/\" target=\"_blank\" rel=\"noopener\">https:\/\/plwdesign.online\/scriptparasites4\/<\/a><\/p>\n<p><strong>Modelo 5: Site de Seguran\u00e7a Eletr\u00f4nica<\/strong><\/p>\n<p><a href=\"https:\/\/plwdesign.online\/scriptparasites5\/\" target=\"_blank\" rel=\"noopener\">https:\/\/plwdesign.online\/scriptparasites5\/<\/a><\/p>\n<p><strong>Modelo 6: Site de Loja de Ve\u00edculos<\/strong><\/p>\n<p><a href=\"https:\/\/plwdesign.online\/scriptparasites6\/\" target=\"_blank\" rel=\"noopener\">https:\/\/plwdesign.online\/scriptparasites6\/<\/a><\/p>\n<p><strong>Modelo 7: Site de Web Design<\/strong><\/p>\n<p><a href=\"https:\/\/plwdesign.online\/scriptparasites7\/\" target=\"_blank\" rel=\"noopener\">https:\/\/plwdesign.online\/scriptparasites7\/<\/a><\/p>\n<p><strong>Modelo 8: Site de Provedor de Internet<\/strong><\/p>\n<p><a href=\"https:\/\/plwdesign.online\/scriptparasites8\/\" target=\"_blank\" rel=\"noopener\">https:\/\/plwdesign.online\/scriptparasites8\/<\/a><\/p>\n<p>&nbsp;<\/p>\n<h4>Vantagens em adquirir o Pack de Sites Prontos da PlwDesign<\/h4>\n<ol>\n<li>Variedade de modelos de scripts: Ao adquirir o Pack de Scripts para Sites, voc\u00ea ter\u00e1 acesso a uma variedade de modelos de scripts responsivos, que se adaptam perfeitamente a diferentes segmentos de mercado, como IPTV, imobili\u00e1ria, provedor e institucional.<\/li>\n<li>F\u00e1cil instala\u00e7\u00e3o: A instala\u00e7\u00e3o dos scripts \u00e9 extremamente f\u00e1cil e descomplicada, permitindo que qualquer pessoa, mesmo sem conhecimentos avan\u00e7ados em programa\u00e7\u00e3o, possa criar um site profissional e de qualidade.<\/li>\n<li>Design Responsivo: Todos os modelos de scripts dispon\u00edveis no Pack de Scripts para Sites s\u00e3o desenvolvidos com design responsivo, o que significa que seu site ser\u00e1 adapt\u00e1vel a diferentes tamanhos de tela, garantindo uma experi\u00eancia de navega\u00e7\u00e3o satisfat\u00f3ria para seus usu\u00e1rios.<\/li>\n<li>Economia de tempo e dinheiro: Com a facilidade e praticidade da instala\u00e7\u00e3o dos scripts, voc\u00ea economiza tempo e dinheiro na cria\u00e7\u00e3o do seu site, sem comprometer a qualidade e profissionalismo.<\/li>\n<li>Suporte t\u00e9cnico: Ao adquirir o Pack de Scripts para Sites, voc\u00ea ter\u00e1 acesso a suporte t\u00e9cnico especializado, que estar\u00e1 \u00e0 disposi\u00e7\u00e3o para solucionar qualquer d\u00favida ou problema que voc\u00ea possa ter durante o processo de instala\u00e7\u00e3o e uso dos scripts.<\/li>\n<\/ol>\n","protected":false},"excerpt":{"rendered":"<p>Nosso Pack de Scripts para Sites \u00e9 a solu\u00e7\u00e3o ideal para quem deseja criar um site de forma pr\u00e1tica e eficiente. Com ele, voc\u00ea tem acesso a uma variedade de scripts responsivos e f\u00e1ceis de instalar, que se adaptam perfeitamente a diferentes tamanhos de tela.<\/p>\n","protected":false},"featured_media":394,"comment_status":"open","ping_status":"closed","template":"","meta":[],"product_brand":[],"product_cat":[44],"product_tag":[122,113,120,119,121,116,118,112,115,117,62,114],"class_list":{"0":"post-392","1":"product","2":"type-product","3":"status-publish","4":"has-post-thumbnail","6":"product_cat-scripts-php","7":"product_tag-chamada-a-acao","8":"product_tag-criacao-de-sites","9":"product_tag-design","10":"product_tag-diferentes-tamanhos-de-tela","11":"product_tag-economia-de-tempo","12":"product_tag-eficiente","13":"product_tag-facil-instalacao","14":"product_tag-pack-de-scripts","15":"product_tag-pratica","16":"product_tag-scripts-responsivos","17":"product_tag-sites","18":"product_tag-solucao","19":"membership-content","20":"purchase-restricted","22":"first","23":"instock","24":"sale","25":"downloadable","26":"shipping-taxable","27":"product-type-simple"},"_links":{"self":[{"href":"https:\/\/vip.plwdesign.online\/index.php?rest_route=\/wp\/v2\/product\/392","targetHints":{"allow":["GET"]}}],"collection":[{"href":"https:\/\/vip.plwdesign.online\/index.php?rest_route=\/wp\/v2\/product"}],"about":[{"href":"https:\/\/vip.plwdesign.online\/index.php?rest_route=\/wp\/v2\/types\/product"}],"replies":[{"embeddable":true,"href":"https:\/\/vip.plwdesign.online\/index.php?rest_route=%2Fwp%2Fv2%2Fcomments&post=392"}],"version-history":[{"count":1,"href":"https:\/\/vip.plwdesign.online\/index.php?rest_route=\/wp\/v2\/product\/392\/revisions"}],"predecessor-version":[{"id":395,"href":"https:\/\/vip.plwdesign.online\/index.php?rest_route=\/wp\/v2\/product\/392\/revisions\/395"}],"wp:featuredmedia":[{"embeddable":true,"href":"https:\/\/vip.plwdesign.online\/index.php?rest_route=\/wp\/v2\/media\/394"}],"wp:attachment":[{"href":"https:\/\/vip.plwdesign.online\/index.php?rest_route=%2Fwp%2Fv2%2Fmedia&parent=392"}],"wp:term":[{"taxonomy":"product_brand","embeddable":true,"href":"https:\/\/vip.plwdesign.online\/index.php?rest_route=%2Fwp%2Fv2%2Fproduct_brand&post=392"},{"taxonomy":"product_cat","embeddable":true,"href":"https:\/\/vip.plwdesign.online\/index.php?rest_route=%2Fwp%2Fv2%2Fproduct_cat&post=392"},{"taxonomy":"product_tag","embeddable":true,"href":"https:\/\/vip.plwdesign.online\/index.php?rest_route=%2Fwp%2Fv2%2Fproduct_tag&post=392"}],"curies":[{"name":"wp","href":"https:\/\/api.w.org\/{rel}","templated":true}]}}