{"id":212,"date":"2023-04-11T02:41:49","date_gmt":"2023-04-11T02:41:49","guid":{"rendered":"https:\/\/vip.plwdesign.online\/?post_type=product&#038;p=212"},"modified":"2025-12-15T22:54:50","modified_gmt":"2025-12-15T22:54:50","slug":"plano-gold-anual","status":"publish","type":"product","link":"https:\/\/vip.plwdesign.online\/?product=plano-gold-anual","title":{"rendered":"Plano Gold &#8211; Anual"},"content":{"rendered":"<p>Ao adquirir o plano anual do Clube Premium da PlwDesign, voc\u00ea ter\u00e1 acesso total aos nossos produtos digitais durante 12 meses. Isso inclui scripts, c\u00f3digos-fonte, pacotes e muito mais. Al\u00e9m disso, voc\u00ea ter\u00e1 suporte para tirar suas d\u00favidas e atualiza\u00e7\u00f5es constantes dos produtos dispon\u00edveis.<\/p>\n<p>Com a assinatura anual, voc\u00ea ter\u00e1 a tranquilidade de saber que ter\u00e1 acesso aos nossos produtos durante todo o ano, sem ter que se preocupar em renovar a assinatura a cada seis meses. E o melhor: voc\u00ea ainda ter\u00e1 um desconto especial em rela\u00e7\u00e3o ao plano semestral.<\/p>\n<p>N\u00e3o perca mais tempo e assine agora o plano anual do Clube Premium da PlwDesign para ter acesso a tudo o que precisa para expandir seu neg\u00f3cio e alcan\u00e7ar seus objetivos na internet.<\/p>\n","protected":false},"excerpt":{"rendered":"<ul>\n<li>Acesso a todos produtos do site\u00a0<strong>durante\u00a0 12 meses<\/strong><\/li>\n<li>Acesso imediato<\/li>\n<li>Novas vers\u00f5es gratuitas<\/li>\n<li>N\u00e3o renova automaticamente<\/li>\n<li>Suporte Premium<\/li>\n<\/ul>\n<p>Este plano possui restri\u00e7\u00f5es em rela\u00e7\u00e3o a determinados conte\u00fados. Consulte\u00a0<strong><a href=\"https:\/\/wa.me\/5541998608485\" target=\"_blank\" rel=\"noopener\">aqui<\/a><\/strong>\u00a0a lista de produtos aos quais esse plano n\u00e3o ter\u00e1 acesso.<\/p>\n","protected":false},"featured_media":214,"comment_status":"open","ping_status":"closed","template":"","meta":[],"product_brand":[],"product_cat":[50],"product_tag":[57,58,55,53,56,51],"class_list":{"0":"post-212","1":"product","2":"type-product","3":"status-publish","4":"has-post-thumbnail","6":"product_cat-planos-de-assinatura","7":"product_tag-12-meses","8":"product_tag-anual","9":"product_tag-assinatura","10":"product_tag-clube","11":"product_tag-gold","12":"product_tag-planos","14":"first","15":"instock","16":"virtual","17":"purchasable","18":"product-type-simple"},"_links":{"self":[{"href":"https:\/\/vip.plwdesign.online\/index.php?rest_route=\/wp\/v2\/product\/212","targetHints":{"allow":["GET"]}}],"collection":[{"href":"https:\/\/vip.plwdesign.online\/index.php?rest_route=\/wp\/v2\/product"}],"about":[{"href":"https:\/\/vip.plwdesign.online\/index.php?rest_route=\/wp\/v2\/types\/product"}],"replies":[{"embeddable":true,"href":"https:\/\/vip.plwdesign.online\/index.php?rest_route=%2Fwp%2Fv2%2Fcomments&post=212"}],"version-history":[{"count":4,"href":"https:\/\/vip.plwdesign.online\/index.php?rest_route=\/wp\/v2\/product\/212\/revisions"}],"predecessor-version":[{"id":6976,"href":"https:\/\/vip.plwdesign.online\/index.php?rest_route=\/wp\/v2\/product\/212\/revisions\/6976"}],"wp:featuredmedia":[{"embeddable":true,"href":"https:\/\/vip.plwdesign.online\/index.php?rest_route=\/wp\/v2\/media\/214"}],"wp:attachment":[{"href":"https:\/\/vip.plwdesign.online\/index.php?rest_route=%2Fwp%2Fv2%2Fmedia&parent=212"}],"wp:term":[{"taxonomy":"product_brand","embeddable":true,"href":"https:\/\/vip.plwdesign.online\/index.php?rest_route=%2Fwp%2Fv2%2Fproduct_brand&post=212"},{"taxonomy":"product_cat","embeddable":true,"href":"https:\/\/vip.plwdesign.online\/index.php?rest_route=%2Fwp%2Fv2%2Fproduct_cat&post=212"},{"taxonomy":"product_tag","embeddable":true,"href":"https:\/\/vip.plwdesign.online\/index.php?rest_route=%2Fwp%2Fv2%2Fproduct_tag&post=212"}],"curies":[{"name":"wp","href":"https:\/\/api.w.org\/{rel}","templated":true}]}}