{"id":1796,"date":"2023-08-01T22:19:49","date_gmt":"2023-08-01T22:19:49","guid":{"rendered":"https:\/\/vip.plwdesign.online\/?post_type=product&#038;p=1796"},"modified":"2026-01-09T13:02:58","modified_gmt":"2026-01-09T13:02:58","slug":"pack-de-vetores-gringos-wikihow-para-anunicios","status":"publish","type":"product","link":"https:\/\/vip.plwdesign.online\/?product=pack-de-vetores-gringos-wikihow-para-anunicios","title":{"rendered":"Pack de Vetores Gringos &#038; WikiHow para An\u00fanicios"},"content":{"rendered":"<p>Aproveite a diversidade incompar\u00e1vel com mais de 1500 vetores criativos dispon\u00edveis no Pack de Vetores Gringos &amp; WikiHow para download. Com essa vasta cole\u00e7\u00e3o, voc\u00ea poder\u00e1 construir an\u00fancios altamente atrativos para suas campanhas no Facebook Ads e impulsionar o sucesso dos seus neg\u00f3cios. N\u00e3o perca tempo, adquira agora mesmo e potencialize o impacto dos seus an\u00fancios!<\/p>\n<h3><strong>Categorias dos Vetores:<\/strong><\/h3>\n<ul>\n<li>Beb\u00eas e Filhos<\/li>\n<li>Beleza<\/li>\n<li>Cachorros e Gatos<\/li>\n<li>Cenas Geral<\/li>\n<li>Diabetes<\/li>\n<li>Emagrecimento<\/li>\n<li>Ganho de Massa<\/li>\n<li>Renda Extra<\/li>\n<li>Relacionamento<\/li>\n<li>Sa\u00fade<\/li>\n<li>Sa\u00fade Mental<\/li>\n<\/ul>\n","protected":false},"excerpt":{"rendered":"<p>Descubra uma cole\u00e7\u00e3o impressionante de vetores exclusivos com nosso Pack de Vetores Gringos! S\u00e3o mais de 1500 ilustra\u00e7\u00f5es criativas dispon\u00edveis para download.<\/p>\n","protected":false},"featured_media":1798,"comment_status":"open","ping_status":"closed","template":"","meta":[],"product_brand":[],"product_cat":[629],"product_tag":[396],"class_list":{"0":"post-1796","1":"product","2":"type-product","3":"status-publish","4":"has-post-thumbnail","6":"product_cat-outros","7":"product_tag-vetores-gringos","8":"membership-content","9":"purchase-restricted","11":"first","12":"instock","13":"sale","14":"downloadable","15":"shipping-taxable","16":"product-type-simple"},"_links":{"self":[{"href":"https:\/\/vip.plwdesign.online\/index.php?rest_route=\/wp\/v2\/product\/1796","targetHints":{"allow":["GET"]}}],"collection":[{"href":"https:\/\/vip.plwdesign.online\/index.php?rest_route=\/wp\/v2\/product"}],"about":[{"href":"https:\/\/vip.plwdesign.online\/index.php?rest_route=\/wp\/v2\/types\/product"}],"replies":[{"embeddable":true,"href":"https:\/\/vip.plwdesign.online\/index.php?rest_route=%2Fwp%2Fv2%2Fcomments&post=1796"}],"version-history":[{"count":2,"href":"https:\/\/vip.plwdesign.online\/index.php?rest_route=\/wp\/v2\/product\/1796\/revisions"}],"predecessor-version":[{"id":1800,"href":"https:\/\/vip.plwdesign.online\/index.php?rest_route=\/wp\/v2\/product\/1796\/revisions\/1800"}],"wp:featuredmedia":[{"embeddable":true,"href":"https:\/\/vip.plwdesign.online\/index.php?rest_route=\/wp\/v2\/media\/1798"}],"wp:attachment":[{"href":"https:\/\/vip.plwdesign.online\/index.php?rest_route=%2Fwp%2Fv2%2Fmedia&parent=1796"}],"wp:term":[{"taxonomy":"product_brand","embeddable":true,"href":"https:\/\/vip.plwdesign.online\/index.php?rest_route=%2Fwp%2Fv2%2Fproduct_brand&post=1796"},{"taxonomy":"product_cat","embeddable":true,"href":"https:\/\/vip.plwdesign.online\/index.php?rest_route=%2Fwp%2Fv2%2Fproduct_cat&post=1796"},{"taxonomy":"product_tag","embeddable":true,"href":"https:\/\/vip.plwdesign.online\/index.php?rest_route=%2Fwp%2Fv2%2Fproduct_tag&post=1796"}],"curies":[{"name":"wp","href":"https:\/\/api.w.org\/{rel}","templated":true}]}}